s = d + 3*q - 4. Suppose -g - 1 = -5*t + d, -g = -2*t. What is the remainder when 3 is divided by g?
1
Let k = 0 + 4. Suppose 2*p = -2*a + 20, 4*a = -k*p + p + 32. What is the remainder when 29 is divided by p?
5
Calculate the remainder when ((-1 - -2) + (-388)/8)*-4 is divided by 16.
14
Let l be (21/3)/(3/15). Suppose -d = s - 5, s + 2*d = 4*s - l. Suppose 0 = -4*o + 2*y + 2, -5*o = 5*y - 16 - s. What is the remainder when 3 is divided by o?
1
Suppose 17*t + 338 = 1103. Let b(r) = r**2 - 3*r + 8. Let v be b(7). Suppose g = -2*g + v. What is the remainder when t is divided by g?
9
Let c = 3945 + -2501. Calculate the remainder when c/20 + 1/(-5) is divided by 15.
12
Suppose j - 9 = 20. Suppose -v + 27 = 2*v. Suppose v*t = 4*t + 50. Calculate the remainder when j is divided by t.
9
Let u(x) = x**2 + 5*x - 3. What is the remainder when 41 is divided by u(-7)?
8
Let y = 19 + 5. Let z = y + -14. Suppose -4*u + 80 = -0*u + 3*h, 2*u + 5*h - 54 = 0. What is the remainder when u is divided by z?
7
Suppose 7 = 2*o - 21. Let l(z) = -7*z + 4. Let i be l(-4). Let w = i - -9. What is the remainder when w is divided by o?
13
Let w(a) = a**3 + 8*a**2 + 6*a - 10. Let x be w(-7). What is the remainder when 37 is divided by (-41)/x - 6/9?
11
Calculate the remainder when 19 is divided by -2*((-15)/2 + 6/6).
6
Suppose -2*r - 5*b = -6*r - 463, -5*r - 635 = 5*b. Let s = r - -171. Suppose 0 = 4*u + 41 - 109. What is the remainder when s is divided by u?
15
Let t = 2 + 0. Suppose t*g - 56 = 6*g. What is the remainder when 34 is divided by (-36)/g*(-4 + 11)?
16
Let b(u) = u**3 - 6*u**2 + 7*u - 8. Calculate the remainder when b(6) is divided by 7.
6
Let l(s) = -19*s**3 - s**2 - s - 1. Let g be 1/(-3) - (-32)/6. Let r(p) = p**3 - 5*p**2 + 2*p. Calculate the remainder when l(-1) is divided by r(g).
8
Calculate the remainder when 558/8 - (-3)/(-4) is divided by 12.
9
Let o(k) = -7 - 2*k**2 + 2*k**2 - 2*k**2 - 11*k + k**2. What is the remainder when 7 is divided by o(-10)?
1
Suppose 0 = -3*a + 6*a - 18. Suppose 3*o - b = -5 + 16, 12 = 4*o - 4*b. Calculate the remainder when a is divided by o.
2
What is the remainder when 248 is divided by ((-262)/(-6) - -6) + (-3)/(-9)?
48
Suppose 3*s = 2*y - 1, -y - s = -0*y - 3. Calculate the remainder when 9 is divided by y/3 - (-26)/6.
4
Suppose 2*z + 3*s - 31 = 0, -4*z - 2*s + 9 = -49. Suppose -5 + z = -p. What is the remainder when 29 is divided by (-54)/(-3) + p/3?
14
Suppose -28*c + 26*c = -50. What is the remainder when c is divided by 5/10 + 13/2?
4
Let w(y) = y**3 + 4*y**2 - 4*y - 10. Suppose 2*g = -36 + 82. What is the remainder when g is divided by w(-4)?
5
Let j(c) = -4*c - 10. What is the remainder when (-52)/6*-1*3 is divided by j(-6)?
12
Suppose -6*h + 19 = -5*h. Suppose -2*w + h = -w. What is the remainder when 36 is divided by w?
17
Let l(r) = 0*r - 2 - 5*r - 1. Calculate the remainder when l(-7) is divided by 11.
10
Let o = -3 + 8. Suppose -107 = -k - 3*k + z, -o*z - 59 = -3*k. Calculate the remainder when k is divided by 10.
8
Let w be 2/(-5) + 374/10. Let p = w - 19. What is the remainder when 70 is divided by p?
16
Suppose -3*z + 2*r + 92 = 0, 2*z + r = 3*r + 60. What is the remainder when z is divided by 11?
10
Suppose -11*u - 5*u = -640. Let j(l) = -l**3 + 6*l**2 + 5*l + 3. Let k be j(7). Let y = 3 - k. What is the remainder when u is divided by y?
12
Suppose 3*l - 106 = 2*l. Suppose -3*w - 7 = 8, 5*s = 2*w - 255. Let m = s + l. What is the remainder when m is divided by 18?
17
What is the remainder when 95 is divided by 728/36 - -4 - (-4)/(-18)?
23
Suppose -f = -2*i + 7*i - 9, 5*i + 7 = -2*f. Let q = 25 + f. Calculate the remainder when 33 is divided by q.
6
Let f be (2/(-5))/((-2)/10). Suppose -v = -2*k + 33 + 7, 2*k - f*v - 42 = 0. Calculate the remainder when 37 is divided by k.
18
Suppose -2*m - 12 = 2*m. What is the remainder when (-38)/(-2) + (m - 0) is divided by 9?
7
Let d = 14 - 274. Suppose -o + 28 = 2*z, -2*o + 4*o + 2*z = 60. What is the remainder when o is divided by d/(-15) - (-2)/(-6)?
15
Let i = 10 - 3. Calculate the remainder when 11 is divided by i.
4
Suppose -2*g = 3*g - 435. What is the remainder when g is divided by 22?
21
Let k(r) = -r**3 + 6*r**2 - 2*r. Let j be k(4). Let m = -4 + j. What is the remainder when m is divided by 3/6*-6 + 10?
6
Let p = -46 - -99. What is the remainder when p is divided by 11?
9
Suppose 2*l = 3 + 1. Suppose b + 0*b - 5*y = 18, -l*b - 3*y = 16. Calculate the remainder when 16 is divided by (b/(-5))/(3/45).
4
Suppose i = -4*i + 215. Suppose 0 = 2*s + 5 - i. Calculate the remainder when s is divided by 7.
5
Suppose -2*i - 4*y + 4 + 16 = 0, 0 = 3*y + 12. Calculate the remainder when i is divided by 10.
8
Let i = 21 - 11. Let q = 24 - i. Calculate the remainder when q is divided by 5.
4
Let t = -7 + 7. Calculate the remainder when (25 + -3 - t)*2 is divided by 15.
14
Let v = 13 + -19. Calculate the remainder when (-112)/v - 6/9 is divided by 5.
3
Suppose s = 3*s + 16. Let q = s - -13. Suppose -4*n - 5*g + 30 = -q, -5 = 5*g. Calculate the remainder when 29 is divided by n.
9
Suppose 2*m + 122 = 5*m - 5*s, 2*s = 4*m - 144. Let o(t) = t**2 - 2*t - 6. Calculate the remainder when m is divided by o(-4).
16
Let j = -22 + 38. What is the remainder when 8 + -9 + 47 + 2 + -1 is divided by j?
15
Suppose -3*h = -0*h - 66. Let z = h + 6. Calculate the remainder when z is divided by 365/25 - 2/(-5).
13
Let x = 73 + -23. What is the remainder when x is divided by 17?
16
Calculate the remainder when 125 is divided by ((-28)/10 - -2)*-40.
29
Let o(d) = -d - 1. Let b be o(-2). Let y = 4 + b. Let u(c) = 3*c - 4. What is the remainder when u(4) is divided by y?
3
Let j = -136 - -240. What is the remainder when j is divided by 35?
34
Suppose -4*b = -16 + 148. Let r = -22 - b. Calculate the remainder when 42 is divided by r.
9
Suppose 3*w = -0*w. Suppose s - 2*a - 25 = 0, -2*s + 46 = -w*s - 5*a. Suppose 6*p - 111 + 9 = 0. Calculate the remainder when s is divided by p.
16
Let h = 75 - 24. What is the remainder when h is divided by 18?
15
Suppose 3*o = 5*l + 29, -5*l = -0*l - 10. Calculate the remainder when 103 is divided by o.
12
Let l(c) be the third derivative of 0*c + 0 - 5/24*c**4 - 1/6*c**3 - c**2. What is the remainder when 10 is divided by l(-1)?
2
Let w be -1*2*3/(-2). Let l(h) = 2*h**2 - 3*h + 1. Let z be l(w). Let f = z + -6. What is the remainder when f is divided by 2?
0
Suppose 3*c - 10 = c, y + 3*c = 46. Calculate the remainder when y is divided by 8.
7
Let j(a) = -a**2 + 11*a + 11. What is the remainder when 35 is divided by j(11)?
2
Calculate the remainder when 41 is divided by 17 + (-2 - 1) + 0.
13
Let p be (-76)/(-18) - 8/36. Suppose -w + p = 1, 0 = 5*x - 4*w - 223. What is the remainder when x is divided by 16?
15
Suppose 56 = w - 51. What is the remainder when w is divided by 27?
26
Let k(m) = 24*m - 7. Let i be (-3)/(-2) + (-6)/(-4). What is the remainder when k(i) is divided by 17?
14
Let k = 40 + -24. Suppose -5*r + 6 = -54. Suppose 34 = w - r. What is the remainder when w is divided by k?
14
What is the remainder when 99 is divided by (-4)/6*150/(-4)?
24
Let l(i) = i**2 - 4*i + 1. Let d(f) = -f + 7. Let k be d(0). Calculate the remainder when l(k) is divided by 12.
10
Let i(h) = h**3 + 12*h**2 + 15*h - 21. Calculate the remainder when 105 is divided by i(-10).
18
Let h = 84 - 75. What is the remainder when 53 is divided by h?
8
Suppose 292 = 3*y + 268. Calculate the remainder when 37 is divided by y.
5
Let m(t) = t**2 + 8*t + 2. Calculate the remainder when 64 is divided by m(-10).
20
Suppose -134 = -s - 2*u, -2*s = -7*s + 4*u + 628. What is the remainder when s is divided by 33?
29
Let p(d) = -4*d - 3. What is the remainder when 13 is divided by p(-2)?
3
Let j = 23 - 11. Calculate the remainder when 23 is divided by j.
11
Let l(h) = -2*h**3 - 2*h**2 + 3*h - 1. Calculate the remainder when 103 is divided by l(-3).
25
Suppose 3*y - 4*y + 3*l = -103, 3 = 3*l. Calculate the remainder when y is divided by 27.
25
Calculate the remainder when 1 - (45/36)/(2/(-40)) is divided by 14.
12
Let b = 87 + -15. Let k = -39 + b. Let a = -16 + k. What is the remainder when 65 is divided by a?
14
Let r be 4/14 - 2/7. Suppose -2*w + w = r. Suppose -5*g = -5*t + 270, -2*g = t - w